{"id":1535,"date":"2026-04-05T19:42:51","date_gmt":"2026-04-05T17:42:51","guid":{"rendered":"https:\/\/kanzlei-tsiopra-abend.de\/2026\/?page_id=1535"},"modified":"2026-04-05T19:49:43","modified_gmt":"2026-04-05T17:49:43","slug":"kanzlei-fuer-recht","status":"publish","type":"page","link":"https:\/\/kanzlei-tsiopra-abend.de\/2026\/kanzlei-fuer-recht\/","title":{"rendered":"Kanzlei f\u00fcr Recht"},"content":{"rendered":"\t\t<div data-elementor-type=\"wp-page\" data-elementor-id=\"1535\" class=\"elementor elementor-1535\">\n\t\t\t\t<div class=\"elementor-element elementor-element-3faa5d1e e-flex e-con-boxed e-con e-parent\" data-id=\"3faa5d1e\" data-element_type=\"container\" data-e-type=\"container\">\n\t\t\t\t\t<div class=\"e-con-inner\">\n\t\t\t\t<div class=\"elementor-element elementor-element-a23ad56 elementor-widget elementor-widget-text-editor\" data-id=\"a23ad56\" data-element_type=\"widget\" data-e-type=\"widget\" data-widget_type=\"text-editor.default\">\n\t\t\t\t\t\t\t\t\t\n<figure class=\"wp-block-image size-full\"><img decoding=\"async\" class=\"wp-image-1451\" src=\"https:\/\/kanzlei-tsiopra-abend.de\/2026\/wp-content\/uploads\/2026\/04\/intro-slide-kanzlei-neu.jpg\" alt=\"\" \/><\/figure>\n\n\n\n<p>&nbsp;<\/p>\n\t\t\t\t\t\t\t\t<\/div>\n\t\t\t\t<div class=\"elementor-element elementor-element-2cd51f8 elementor-widget elementor-widget-heading\" data-id=\"2cd51f8\" data-element_type=\"widget\" data-e-type=\"widget\" data-widget_type=\"heading.default\">\n\t\t\t\t\t<h2 class=\"elementor-heading-title elementor-size-default\">Kanzlei f\u00fcr Recht<\/h2>\t\t\t\t<\/div>\n\t\t\t\t\t<\/div>\n\t\t\t\t<\/div>\n\t\t<div class=\"elementor-element elementor-element-3f4f278 e-grid e-con-boxed e-con e-parent\" data-id=\"3f4f278\" data-element_type=\"container\" data-e-type=\"container\">\n\t\t\t\t\t<div class=\"e-con-inner\">\n\t\t\t\t<div class=\"elementor-element elementor-element-64b2afb elementor-widget elementor-widget-text-editor\" data-id=\"64b2afb\" data-element_type=\"widget\" data-e-type=\"widget\" data-widget_type=\"text-editor.default\">\n\t\t\t\t\t\t\t\t\t<h2>Ein optimales Ergebnis erreichen wir:<\/h2>\n<ul>\n<li>durch ein vertrauensvolles und offenes Mandantenverh\u00e4ltnis<\/li>\n<li>aufgrund meiner langj\u00e4hrigen erfolgreichen beruflichen Erfahrung<\/li>\n<li>aufgrund meines hohen pers\u00f6nlichen Einsatzes<\/li>\n<li>durch die aufgebauten Netzwerke mit Kooperationspartnern und Beratungsstellen<\/li>\n<li>durch Ihre aktive Mitarbeit<\/li>\n<\/ul>\t\t\t\t\t\t\t\t<\/div>\n\t\t\t\t\t<\/div>\n\t\t\t\t<\/div>\n\t\t\t\t<\/div>\n\t\t","protected":false},"excerpt":{"rendered":"<p>&nbsp; Kanzlei f\u00fcr Recht Ein optimales Ergebnis erreichen wir: durch ein vertrauensvolles und offenes Mandantenverh\u00e4ltnis aufgrund meiner langj\u00e4hrigen erfolgreichen beruflichen Erfahrung aufgrund meines hohen pers\u00f6nlichen Einsatzes durch die aufgebauten Netzwerke mit Kooperationspartnern und Beratungsstellen durch Ihre aktive Mitarbeit<\/p>\n","protected":false},"author":1,"featured_media":0,"parent":0,"menu_order":0,"comment_status":"closed","ping_status":"closed","template":"","meta":{"footnotes":""},"class_list":["post-1535","page","type-page","status-publish","hentry"],"_links":{"self":[{"href":"https:\/\/kanzlei-tsiopra-abend.de\/2026\/wp-json\/wp\/v2\/pages\/1535","targetHints":{"allow":["GET"]}}],"collection":[{"href":"https:\/\/kanzlei-tsiopra-abend.de\/2026\/wp-json\/wp\/v2\/pages"}],"about":[{"href":"https:\/\/kanzlei-tsiopra-abend.de\/2026\/wp-json\/wp\/v2\/types\/page"}],"author":[{"embeddable":true,"href":"https:\/\/kanzlei-tsiopra-abend.de\/2026\/wp-json\/wp\/v2\/users\/1"}],"replies":[{"embeddable":true,"href":"https:\/\/kanzlei-tsiopra-abend.de\/2026\/wp-json\/wp\/v2\/comments?post=1535"}],"version-history":[{"count":5,"href":"https:\/\/kanzlei-tsiopra-abend.de\/2026\/wp-json\/wp\/v2\/pages\/1535\/revisions"}],"predecessor-version":[{"id":1552,"href":"https:\/\/kanzlei-tsiopra-abend.de\/2026\/wp-json\/wp\/v2\/pages\/1535\/revisions\/1552"}],"wp:attachment":[{"href":"https:\/\/kanzlei-tsiopra-abend.de\/2026\/wp-json\/wp\/v2\/media?parent=1535"}],"curies":[{"name":"wp","href":"https:\/\/api.w.org\/{rel}","templated":true}]}}